{"id":3635,"date":"2020-08-28T15:25:51","date_gmt":"2020-08-28T15:25:51","guid":{"rendered":"http:\/\/almacenaje.testintagono.com\/?page_id=3635"},"modified":"2020-09-30T15:53:47","modified_gmt":"2020-09-30T15:53:47","slug":"privacy-notice","status":"publish","type":"page","link":"https:\/\/almaloginter.com\/en\/privacy-notice\/","title":{"rendered":"Privacy Notice"},"content":{"rendered":"<div  style='padding-bottom:65px; ' class='av-special-heading av-special-heading-h3    avia-builder-el-0  el_before_av_textblock  avia-builder-el-first  '><h3 class='av-special-heading-tag '  itemprop=\"headline\"  >Privacy Notice<\/h3><div class='special-heading-border'><div class='special-heading-inner-border' ><\/div><\/div><\/div>\n<section class=\"av_textblock_section \"  itemscope=\"itemscope\" itemtype=\"https:\/\/schema.org\/CreativeWork\" ><div class='avia_textblock  '   itemprop=\"text\" ><p dir=\"ltr\">En cumplimiento a la Ley Federal de Protecci\u00f3n de Datos Personales en Posesi\u00f3n de los Particulares y su Reglamento (en adelante \u201cla Ley\u201d), hacemos de su conocimiento que Servicios Aduaneros de Occidente protege y sus datos personales para evitar el da\u00f1o, p\u00e9rdida, destrucci\u00f3n, robo, extrav\u00edo, alteraci\u00f3n, as\u00ed como el tratamiento no autorizado de sus datos personales y pone a sus disposici\u00f3n el presente Aviso de Privacidad, a fin de que conozca sus pr\u00e1cticas al obtener, usar, almacenar y, en general, tratar sus datos personales.<\/p>\n<h4 dir=\"ltr\">I. Responsable del Tratamiento de Datos Personales.Servicios Aduaneros de Occidente (en lo sucesivo \u201cLa Responsable\u201d), con domicilio en Av. La Piedrera 7849 Col. Baja California, El Salto, Jalisco CP 45680.<\/h4>\n<p dir=\"ltr\">II. Datos Personales que pudieran recabarse. Los Datos Personales que Usted nos proporcione libre y voluntariamente, de manera enunciativa m\u00e1s no limitativa pueden ser los siguientes:<\/p>\n<ul>\n<li dir=\"ltr\">\n<p dir=\"ltr\" role=\"presentation\">Datos de identificaci\u00f3n, tales como: nombre, domicilio particular, lugar y fecha de nacimiento, estado civil, ocupaci\u00f3n, escolaridad, CURP, n\u00famero de tel\u00e9fono, fijo o m\u00f3vil, fax, correo electr\u00f3nico.<\/p>\n<\/li>\n<li dir=\"ltr\">\n<p dir=\"ltr\" role=\"presentation\">Datos laborales, tales como: puesto, domicilio laboral, correo electr\u00f3nico, n\u00famero de tel\u00e9fono, fijo o m\u00f3vil y fax, puesto.<\/p>\n<\/li>\n<li dir=\"ltr\">\n<p dir=\"ltr\" role=\"presentation\">Datos de facturaci\u00f3n, tales como: entidad a la que se har\u00e1 el cargo, domicilio fiscal, RFC.<\/p>\n<\/li>\n<li dir=\"ltr\">\n<p dir=\"ltr\" role=\"presentation\">Datos financieros, tales como: informaci\u00f3n de cuentas bancarias, pol\u00edticas de pago, datos de contacto de \u00e1reas cuentas por pagar y cuentas por cobrar.<\/p>\n<\/li>\n<li dir=\"ltr\">\n<p dir=\"ltr\" role=\"presentation\">Datos del negocio, tales como: domicilio de establecimientos, de plantas manufactureras, oficinas de ventas, requerimientos y necesidades de productos, precios de productos y servicios, datos de contacto de \u00e1reas de ventas.<\/p>\n<\/li>\n<\/ul>\n<p dir=\"ltr\">La Responsable podr\u00e1 recabar sus datos personales de las siguientes formas: cuando usted nos los proporciona directamente, cuando obtenemos informaci\u00f3n a trav\u00e9s de otras fuentes que est\u00e1n permitidas por ley tales como los directorios telef\u00f3nicos, referencias de otras empresas o particulares, bases de datos p\u00fablicas de cualquier entidad o dependencia p\u00fablica o privada, entre otras.<\/p>\n<h4 dir=\"ltr\">REDES SOCIALES Las redes sociales (tales como Facebook\u00ae y Twitter\u00ae, entre otras) constituyen una plataforma de comunicaci\u00f3n y de interconexi\u00f3n entre plataformas digitales de los distintos usuarios, son ajenas a LA EMPRESA y, por lo tanto, no se encuentran bajo su responsabilidad.<\/h4>\n<p dir=\"ltr\">La informaci\u00f3n que Usted proporcione dentro de redes sociales en las que La Responsable participa como usuario, no constituye ni forma parte de los Datos Personales sujetos a la protecci\u00f3n de este Aviso de Privacidad, siendo responsabilidad de la empresa prestadora de esa plataforma y de quien lo publica. En la recolecci\u00f3n y tratamiento de datos personales que usted nos proporcione, cumplimos todos los principios que marca la Ley: licitud, calidad, consentimiento, informaci\u00f3n, finalidad, lealtad, proporcionalidad y responsabilidad.La veracidad de la informaci\u00f3n que proporcione queda bajo su responsabilidad, por lo que \u201cLa Responsable\u201d en ning\u00fan momento responder\u00e1 por la autenticidad de la misma.<\/p>\n<h4 dir=\"ltr\">III. Finalidades del Tratamiento de Datos Personales.<\/h4>\n<p dir=\"ltr\">La Responsable recabar\u00e1 sus Datos Personales sin fines de divulgaci\u00f3n o utilizaci\u00f3n comercial, y solamente los usar\u00e1n para los siguientes fines:<\/p>\n<ul>\n<li dir=\"ltr\">\n<p dir=\"ltr\" role=\"presentation\">Cobro, facturaci\u00f3n, pago y transacciones: con el fin de realizar los cargos econ\u00f3micos.<\/p>\n<\/li>\n<li dir=\"ltr\">\n<p dir=\"ltr\" role=\"presentation\">Evaluar la calidad de nuestros productos y servicios.<\/p>\n<\/li>\n<li dir=\"ltr\">\n<p dir=\"ltr\" role=\"presentation\">Formalizar en contratos u otros documentos la relaci\u00f3n que se genere con usted.<\/p>\n<\/li>\n<li dir=\"ltr\">\n<p dir=\"ltr\" role=\"presentation\">Darle a conocer la informaci\u00f3n comercial de LA EMPRESA, entre la que se destaca la relacionada con promociones, informaci\u00f3n de nuevos productos, cambios en nuestros productos, realizar estudios internos sobre h\u00e1bitos de consumo y cualquier otro promocional o cuesti\u00f3n relacionada con los productos y\/o servicios que forman parte del concepto comercialmente de \u201cLa Responsable\u201d.<\/p>\n<\/li>\n<li dir=\"ltr\">\n<p dir=\"ltr\" role=\"presentation\">Entrega de productos y cumplimiento de obligaciones derivado de nuestra relaci\u00f3n comercial con Usted.<\/p>\n<\/li>\n<li dir=\"ltr\">\n<p dir=\"ltr\" role=\"presentation\">Darlo de alta en nuestros sistemas como proveedor y\/o cliente ya sea en sus modalidades eventual o permanente.<\/p>\n<\/li>\n<\/ul>\n<p dir=\"ltr\">Sus datos personales ser\u00e1n guardados bajo la m\u00e1s estricta confidencialidad y no podr\u00e1n utilizarse para finalidades distintas a las antes mencionadas salvo que exista un cambio al presente Aviso de Privacidad y se obtenga su conformidad expresa con dicho cambio.Una vez que se cumpla la finalidad del tratamiento de sus datos personales, \u00e9stos ser\u00e1n bloqueados con el \u00fanico prop\u00f3sito de determinar posibles responsabilidades en relaci\u00f3n con su tratamiento, hasta el plazo de prescripci\u00f3n legal o contractual de \u00e9stas. Durante dicho periodo, los datos personales no podr\u00e1n ser objeto de tratamiento y transcurrido \u00e9ste, se proceder\u00e1 a su cancelaci\u00f3n en la base de datos que correspo<\/p>\n<h4 dir=\"ltr\">IV. Transferencia de Datos Personales. La Responsable no, cede o transfiere datos personales sin que medie el previo consentimiento del titular de los datos. Cualquier transferencia de datos personales que La Responsable realice, ser\u00e1 \u00fanicamente para los fines permitidos por las leyes.<\/h4>\n<h4 dir=\"ltr\">V. Medidas de Seguridad\/L\u00edmites al acceso. La Responsable ha adoptado las medidas de seguridad t\u00e9cnicas, administrativas y f\u00edsicas necesarias y suficientes para proteger sus datos personales contra da\u00f1o, p\u00e9rdida, alteraci\u00f3n, destrucci\u00f3n o el uso, acceso o tratamiento no autorizados.Los datos personales son salvaguardados en bases de datos y equipos de c\u00f3mputo que cuentan con la seguridad necesaria para prevenir fugas de informaci\u00f3n. Controles de acceso f\u00edsico y l\u00f3gico, controles ambientales, sistemas de protecci\u00f3n anti intrusos (IPS, Firewall), herramientas de protecci\u00f3n antivirus y filtrado web son algunas de las herramientas utilizadas para mantener la seguridad de los datos en los sistemas de informaci\u00f3n de La Responsable. Las herramientas de seguridad inform\u00e1tica mencionadas en el p\u00e1rrafo anterior est\u00e1n apoyadas por una pol\u00edtica interna de seguridad de la informaci\u00f3n que explica a los empleados de La Responsable las consideraciones de seguridad que deben tomar en cuenta al utilizar un sistema inform\u00e1tico y es reforzada constantemente.Sin embargo, es claro que ninguna transmisi\u00f3n de datos por Internet es completamente segura y, por ende, La Responsable no puede garantizar que el tratamiento de datos personales estar\u00e1 libre de todo da\u00f1o, p\u00e9rdida, alteraci\u00f3n, destrucci\u00f3n o el uso, acceso o tratamiento no autorizados.\u00danicamente el personal autorizado que ha cumplido y observado los correspondientes requisitos de confidencialidad, podr\u00e1 participar en el tratamiento de sus datos personales.Por ello, se hace de su conocimiento las opciones que usted tiene para solicitar la limitaci\u00f3n del uso o divulgaci\u00f3n de sus datos personales, materia de este Aviso de Privacidad:<\/h4>\n<p dir=\"ltr\">a) Por escrito enviado al Encargado del Tratamiento de Datos Personales (en el domicilio se\u00f1alado en el punto VI siguiente); o v\u00eda correo electr\u00f3nico dirigido a la direcci\u00f3n; <a>operaciones1@almaloginter.com<\/a><\/p>\n<p dir=\"ltr\">b) V\u00eda telef\u00f3nica con el Encargado del Tratamiento de Datos Personales al tel\u00e9fono 33 3682 2227<\/p>\n<h4 dir=\"ltr\">VII. Derechos que le corresponden al titular de Datos Personales. Como titular de datos personales, Usted puede ejercitar ante el Encargado de Protecci\u00f3n de Datos Personales, los derechos de Acceso, Rectificaci\u00f3n, Cancelaci\u00f3n y Oposici\u00f3n (derechos \u201cARCO\u201d). Asimismo, Usted puede revocar, en todo momento, el consentimiento que haya otorgado y que fuere necesario para el tratamiento de sus Datos Personales, as\u00ed como limitar el uso o divulgaci\u00f3n de los mismos.La solicitud para ejercer los derechos ARCO deber\u00e1 contener y acompa\u00f1ar la informaci\u00f3n y documentos que se\u00f1ala la Ley que de manera enunciativa m\u00e1s no limitativa incluye lo siguiente:<\/h4>\n<ul>\n<li dir=\"ltr\">\n<p dir=\"ltr\" role=\"presentation\">El nombre y domicilio del titular u otro medio para comunicarle la respuesta a su solicitud.<\/p>\n<\/li>\n<li dir=\"ltr\">\n<p dir=\"ltr\" role=\"presentation\">Los documentos que acrediten su identidad o, en su caso, la representaci\u00f3n legal del titular.<\/p>\n<\/li>\n<li dir=\"ltr\">\n<p dir=\"ltr\" role=\"presentation\">La descripci\u00f3n clara y precisa de los datos personales respecto de los que se busca ejercer alguno de los derechos ARCO.<\/p>\n<\/li>\n<li dir=\"ltr\">\n<p dir=\"ltr\" role=\"presentation\">Cualquier otro elemento o documento que facilite la localizaci\u00f3n de los datos personales, as\u00ed como cualquier otro documento que exija la legislaci\u00f3n vigente al momento de la presentaci\u00f3n de la solicitud.<\/p>\n<\/li>\n<\/ul>\n<p dir=\"ltr\">En caso de que no desee recibir correos electr\u00f3nicos con la actualizaci\u00f3n de los productos y\/o servicios que comercializa La Responsable, as\u00ed como recordatorios referentes al cumplimiento de ciertas obligaciones que apliquen a Usted por su actividad empresarial, puede enviarnos su solicitud a la direcci\u00f3n electr\u00f3nica de la encargada del Tratamiento de Datos Personales designado por La Responsable. La Responsable no estar\u00e1 obligada a cancelar sus Datos Personales cuando se trate de alguno de los supuestos establecidos en la Ley, entre otras las siguientes:<\/p>\n<ul>\n<li dir=\"ltr\">\n<p dir=\"ltr\" role=\"presentation\">que se refiera a las partes de un contrato privado, social o administrativo y sean necesarios para su desarrollo y cumplimiento;<\/p>\n<\/li>\n<li dir=\"ltr\">\n<p dir=\"ltr\" role=\"presentation\">deban ser tratados por disposici\u00f3n legal;<\/p>\n<\/li>\n<li dir=\"ltr\">\n<p dir=\"ltr\" role=\"presentation\">se obstaculice actuaciones judiciales o administrativas vinculadas a obligaciones fiscales, la investigaci\u00f3n y persecuci\u00f3n de delitos o la actualizaci\u00f3n de sanciones administrativas;<\/p>\n<\/li>\n<li dir=\"ltr\">\n<p dir=\"ltr\" role=\"presentation\">sean necesarios para proteger los intereses jur\u00eddicamente tutelados del titular;<\/p>\n<\/li>\n<li dir=\"ltr\">\n<p dir=\"ltr\" role=\"presentation\">sean necesarios para realizar una acci\u00f3n en funci\u00f3n del inter\u00e9s p\u00fablico.<\/p>\n<\/li>\n<\/ul>\n<h4 dir=\"ltr\">VIII. Revocaci\u00f3n El titular de los Datos Personales podr\u00e1 revocar su consentimiento para el tratamiento de Datos Personales en cualquier momento, debiendo, \u00fanicamente para tales efectos, enviar una solicitud por escrito al Encargado de los Datos Personales, ya sea por mensajer\u00eda al domicilio o al correo electr\u00f3nico mencionado en el presente Aviso de Privacidad.Tendremos un plazo m\u00e1ximo de 20 d\u00edas h\u00e1biles para informarle sobre la procedencia de la misma y si resulta procedente, se haga efectiva la misma dentro de los quince d\u00edas h\u00e1biles siguientes a la fecha en que se comunica la respuesta al correo electr\u00f3nico que nos proporcione para tales efectos.<\/h4>\n<h4 dir=\"ltr\">IX. Modificaciones al Aviso de Privacidad La Responsable se reserva el derecho de efectuar en cualquier momento modificaciones o actualizaciones al presente aviso de privacidad, para la atenci\u00f3n de novedades legislativas, pol\u00edticas internas o nuevos requerimientos para la prestaci\u00f3n y ofrecimiento de nuestros servicios. Estas modificaciones estar\u00e1n disponibles al p\u00fablico y se las haremos llegar al \u00faltimo correo electr\u00f3nico que nos haya proporcionado. No seremos responsables si Usted no recibe la notificaci\u00f3n de cambio en el Aviso de Privacidad si existiere alg\u00fan problema con su cuenta de correo electr\u00f3nico o de transmisi\u00f3n de datos por internet.<\/h4>\n<p dir=\"ltr\">A T E N T A M E N T E<\/p>\n<p dir=\"ltr\">Servicios Aduaneros de Occidente<\/p>\n<p dir=\"ltr\">Fecha de \u00faltima actualizaci\u00f3n de este Aviso de Privacidad 23 de septiembre de 2020<\/p>\n<\/div><\/section>\n","protected":false},"excerpt":{"rendered":"","protected":false},"author":1,"featured_media":0,"parent":0,"menu_order":0,"comment_status":"closed","ping_status":"closed","template":"","meta":{"footnotes":""},"class_list":["post-3635","page","type-page","status-publish","hentry"],"_links":{"self":[{"href":"https:\/\/almaloginter.com\/en\/wp-json\/wp\/v2\/pages\/3635"}],"collection":[{"href":"https:\/\/almaloginter.com\/en\/wp-json\/wp\/v2\/pages"}],"about":[{"href":"https:\/\/almaloginter.com\/en\/wp-json\/wp\/v2\/types\/page"}],"author":[{"embeddable":true,"href":"https:\/\/almaloginter.com\/en\/wp-json\/wp\/v2\/users\/1"}],"replies":[{"embeddable":true,"href":"https:\/\/almaloginter.com\/en\/wp-json\/wp\/v2\/comments?post=3635"}],"version-history":[{"count":2,"href":"https:\/\/almaloginter.com\/en\/wp-json\/wp\/v2\/pages\/3635\/revisions"}],"predecessor-version":[{"id":3834,"href":"https:\/\/almaloginter.com\/en\/wp-json\/wp\/v2\/pages\/3635\/revisions\/3834"}],"wp:attachment":[{"href":"https:\/\/almaloginter.com\/en\/wp-json\/wp\/v2\/media?parent=3635"}],"curies":[{"name":"wp","href":"https:\/\/api.w.org\/{rel}","templated":true}]}}

<div  style='padding-bottom:65px; ' class='av-special-heading av-special-heading-h3    avia-builder-el-0  el_before_av_textblock  avia-builder-el-first  '><h3 class='av-special-heading-tag '  itemprop="headline"  >Privacy Notice</h3><div class='special-heading-border'><div class='special-heading-inner-border' ></div></div></div>
<section class="av_textblock_section "  itemscope="itemscope" itemtype="https://schema.org/CreativeWork" ><div class='avia_textblock  '   itemprop="text" ><p dir="ltr">En cumplimiento a la Ley Federal de Protección de Datos Personales en Posesión de los Particulares y su Reglamento (en adelante “la Ley”), hacemos de su conocimiento que Servicios Aduaneros de Occidente protege y sus datos personales para evitar el daño, pérdida, destrucción, robo, extravío, alteración, así como el tratamiento no autorizado de sus datos personales y pone a sus disposición el presente Aviso de Privacidad, a fin de que conozca sus prácticas al obtener, usar, almacenar y, en general, tratar sus datos personales.</p>
<h4 dir="ltr">I. Responsable del Tratamiento de Datos Personales.Servicios Aduaneros de Occidente (en lo sucesivo “La Responsable”), con domicilio en Av. La Piedrera 7849 Col. Baja California, El Salto, Jalisco CP 45680.</h4>
<p dir="ltr">II. Datos Personales que pudieran recabarse. Los Datos Personales que Usted nos proporcione libre y voluntariamente, de manera enunciativa más no limitativa pueden ser los siguientes:</p>
<ul>
<li dir="ltr">
<p dir="ltr" role="presentation">Datos de identificación, tales como: nombre, domicilio particular, lugar y fecha de nacimiento, estado civil, ocupación, escolaridad, CURP, número de teléfono, fijo o móvil, fax, correo electrónico.</p>
</li>
<li dir="ltr">
<p dir="ltr" role="presentation">Datos laborales, tales como: puesto, domicilio laboral, correo electrónico, número de teléfono, fijo o móvil y fax, puesto.</p>
</li>
<li dir="ltr">
<p dir="ltr" role="presentation">Datos de facturación, tales como: entidad a la que se hará el cargo, domicilio fiscal, RFC.</p>
</li>
<li dir="ltr">
<p dir="ltr" role="presentation">Datos financieros, tales como: información de cuentas bancarias, políticas de pago, datos de contacto de áreas cuentas por pagar y cuentas por cobrar.</p>
</li>
<li dir="ltr">
<p dir="ltr" role="presentation">Datos del negocio, tales como: domicilio de establecimientos, de plantas manufactureras, oficinas de ventas, requerimientos y necesidades de productos, precios de productos y servicios, datos de contacto de áreas de ventas.</p>
</li>
</ul>
<p dir="ltr">La Responsable podrá recabar sus datos personales de las siguientes formas: cuando usted nos los proporciona directamente, cuando obtenemos información a través de otras fuentes que están permitidas por ley tales como los directorios telefónicos, referencias de otras empresas o particulares, bases de datos públicas de cualquier entidad o dependencia pública o privada, entre otras.</p>
<h4 dir="ltr">REDES SOCIALES Las redes sociales (tales como Facebook® y Twitter®, entre otras) constituyen una plataforma de comunicación y de interconexión entre plataformas digitales de los distintos usuarios, son ajenas a LA EMPRESA y, por lo tanto, no se encuentran bajo su responsabilidad.</h4>
<p dir="ltr">La información que Usted proporcione dentro de redes sociales en las que La Responsable participa como usuario, no constituye ni forma parte de los Datos Personales sujetos a la protección de este Aviso de Privacidad, siendo responsabilidad de la empresa prestadora de esa plataforma y de quien lo publica. En la recolección y tratamiento de datos personales que usted nos proporcione, cumplimos todos los principios que marca la Ley: licitud, calidad, consentimiento, información, finalidad, lealtad, proporcionalidad y responsabilidad.La veracidad de la información que proporcione queda bajo su responsabilidad, por lo que “La Responsable” en ningún momento responderá por la autenticidad de la misma.</p>
<h4 dir="ltr">III. Finalidades del Tratamiento de Datos Personales.</h4>
<p dir="ltr">La Responsable recabará sus Datos Personales sin fines de divulgación o utilización comercial, y solamente los usarán para los siguientes fines:</p>
<ul>
<li dir="ltr">
<p dir="ltr" role="presentation">Cobro, facturación, pago y transacciones: con el fin de realizar los cargos económicos.</p>
</li>
<li dir="ltr">
<p dir="ltr" role="presentation">Evaluar la calidad de nuestros productos y servicios.</p>
</li>
<li dir="ltr">
<p dir="ltr" role="presentation">Formalizar en contratos u otros documentos la relación que se genere con usted.</p>
</li>
<li dir="ltr">
<p dir="ltr" role="presentation">Darle a conocer la información comercial de LA EMPRESA, entre la que se destaca la relacionada con promociones, información de nuevos productos, cambios en nuestros productos, realizar estudios internos sobre hábitos de consumo y cualquier otro promocional o cuestión relacionada con los productos y/o servicios que forman parte del concepto comercialmente de “La Responsable”.</p>
</li>
<li dir="ltr">
<p dir="ltr" role="presentation">Entrega de productos y cumplimiento de obligaciones derivado de nuestra relación comercial con Usted.</p>
</li>
<li dir="ltr">
<p dir="ltr" role="presentation">Darlo de alta en nuestros sistemas como proveedor y/o cliente ya sea en sus modalidades eventual o permanente.</p>
</li>
</ul>
<p dir="ltr">Sus datos personales serán guardados bajo la más estricta confidencialidad y no podrán utilizarse para finalidades distintas a las antes mencionadas salvo que exista un cambio al presente Aviso de Privacidad y se obtenga su conformidad expresa con dicho cambio.Una vez que se cumpla la finalidad del tratamiento de sus datos personales, éstos serán bloqueados con el único propósito de determinar posibles responsabilidades en relación con su tratamiento, hasta el plazo de prescripción legal o contractual de éstas. Durante dicho periodo, los datos personales no podrán ser objeto de tratamiento y transcurrido éste, se procederá a su cancelación en la base de datos que correspo</p>
<h4 dir="ltr">IV. Transferencia de Datos Personales. La Responsable no, cede o transfiere datos personales sin que medie el previo consentimiento del titular de los datos. Cualquier transferencia de datos personales que La Responsable realice, será únicamente para los fines permitidos por las leyes.</h4>
<h4 dir="ltr">V. Medidas de Seguridad/Límites al acceso. La Responsable ha adoptado las medidas de seguridad técnicas, administrativas y físicas necesarias y suficientes para proteger sus datos personales contra daño, pérdida, alteración, destrucción o el uso, acceso o tratamiento no autorizados.Los datos personales son salvaguardados en bases de datos y equipos de cómputo que cuentan con la seguridad necesaria para prevenir fugas de información. Controles de acceso físico y lógico, controles ambientales, sistemas de protección anti intrusos (IPS, Firewall), herramientas de protección antivirus y filtrado web son algunas de las herramientas utilizadas para mantener la seguridad de los datos en los sistemas de información de La Responsable. Las herramientas de seguridad informática mencionadas en el párrafo anterior están apoyadas por una política interna de seguridad de la información que explica a los empleados de La Responsable las consideraciones de seguridad que deben tomar en cuenta al utilizar un sistema informático y es reforzada constantemente.Sin embargo, es claro que ninguna transmisión de datos por Internet es completamente segura y, por ende, La Responsable no puede garantizar que el tratamiento de datos personales estará libre de todo daño, pérdida, alteración, destrucción o el uso, acceso o tratamiento no autorizados.Únicamente el personal autorizado que ha cumplido y observado los correspondientes requisitos de confidencialidad, podrá participar en el tratamiento de sus datos personales.Por ello, se hace de su conocimiento las opciones que usted tiene para solicitar la limitación del uso o divulgación de sus datos personales, materia de este Aviso de Privacidad:</h4>
<p dir="ltr">a) Por escrito enviado al Encargado del Tratamiento de Datos Personales (en el domicilio señalado en el punto VI siguiente); o vía correo electrónico dirigido a la dirección; <a>operaciones1@almaloginter.com</a></p>
<p dir="ltr">b) Vía telefónica con el Encargado del Tratamiento de Datos Personales al teléfono 33 3682 2227</p>
<h4 dir="ltr">VII. Derechos que le corresponden al titular de Datos Personales. Como titular de datos personales, Usted puede ejercitar ante el Encargado de Protección de Datos Personales, los derechos de Acceso, Rectificación, Cancelación y Oposición (derechos “ARCO”). Asimismo, Usted puede revocar, en todo momento, el consentimiento que haya otorgado y que fuere necesario para el tratamiento de sus Datos Personales, así como limitar el uso o divulgación de los mismos.La solicitud para ejercer los derechos ARCO deberá contener y acompañar la información y documentos que señala la Ley que de manera enunciativa más no limitativa incluye lo siguiente:</h4>
<ul>
<li dir="ltr">
<p dir="ltr" role="presentation">El nombre y domicilio del titular u otro medio para comunicarle la respuesta a su solicitud.</p>
</li>
<li dir="ltr">
<p dir="ltr" role="presentation">Los documentos que acrediten su identidad o, en su caso, la representación legal del titular.</p>
</li>
<li dir="ltr">
<p dir="ltr" role="presentation">La descripción clara y precisa de los datos personales respecto de los que se busca ejercer alguno de los derechos ARCO.</p>
</li>
<li dir="ltr">
<p dir="ltr" role="presentation">Cualquier otro elemento o documento que facilite la localización de los datos personales, así como cualquier otro documento que exija la legislación vigente al momento de la presentación de la solicitud.</p>
</li>
</ul>
<p dir="ltr">En caso de que no desee recibir correos electrónicos con la actualización de los productos y/o servicios que comercializa La Responsable, así como recordatorios referentes al cumplimiento de ciertas obligaciones que apliquen a Usted por su actividad empresarial, puede enviarnos su solicitud a la dirección electrónica de la encargada del Tratamiento de Datos Personales designado por La Responsable. La Responsable no estará obligada a cancelar sus Datos Personales cuando se trate de alguno de los supuestos establecidos en la Ley, entre otras las siguientes:</p>
<ul>
<li dir="ltr">
<p dir="ltr" role="presentation">que se refiera a las partes de un contrato privado, social o administrativo y sean necesarios para su desarrollo y cumplimiento;</p>
</li>
<li dir="ltr">
<p dir="ltr" role="presentation">deban ser tratados por disposición legal;</p>
</li>
<li dir="ltr">
<p dir="ltr" role="presentation">se obstaculice actuaciones judiciales o administrativas vinculadas a obligaciones fiscales, la investigación y persecución de delitos o la actualización de sanciones administrativas;</p>
</li>
<li dir="ltr">
<p dir="ltr" role="presentation">sean necesarios para proteger los intereses jurídicamente tutelados del titular;</p>
</li>
<li dir="ltr">
<p dir="ltr" role="presentation">sean necesarios para realizar una acción en función del interés público.</p>
</li>
</ul>
<h4 dir="ltr">VIII. Revocación El titular de los Datos Personales podrá revocar su consentimiento para el tratamiento de Datos Personales en cualquier momento, debiendo, únicamente para tales efectos, enviar una solicitud por escrito al Encargado de los Datos Personales, ya sea por mensajería al domicilio o al correo electrónico mencionado en el presente Aviso de Privacidad.Tendremos un plazo máximo de 20 días hábiles para informarle sobre la procedencia de la misma y si resulta procedente, se haga efectiva la misma dentro de los quince días hábiles siguientes a la fecha en que se comunica la respuesta al correo electrónico que nos proporcione para tales efectos.</h4>
<h4 dir="ltr">IX. Modificaciones al Aviso de Privacidad La Responsable se reserva el derecho de efectuar en cualquier momento modificaciones o actualizaciones al presente aviso de privacidad, para la atención de novedades legislativas, políticas internas o nuevos requerimientos para la prestación y ofrecimiento de nuestros servicios. Estas modificaciones estarán disponibles al público y se las haremos llegar al último correo electrónico que nos haya proporcionado. No seremos responsables si Usted no recibe la notificación de cambio en el Aviso de Privacidad si existiere algún problema con su cuenta de correo electrónico o de transmisión de datos por internet.</h4>
<p dir="ltr">A T E N T A M E N T E</p>
<p dir="ltr">Servicios Aduaneros de Occidente</p>
<p dir="ltr">Fecha de última actualización de este Aviso de Privacidad 23 de septiembre de 2020</p>
</div></section>
